e the highest common divisor of 1528477 and 732.
61
Calculate the greatest common divisor of 21 and 3942120.
21
Calculate the greatest common divisor of 26931906 and 12906.
54
Calculate the greatest common factor of 1871119 and 23.
23
What is the highest common factor of 81523964 and 212?
212
What is the highest common divisor of 2211 and 32903499?
201
Calculate the highest common divisor of 39937200 and 39675.
1725
Calculate the greatest common factor of 1796366630 and 530.
530
Calculate the greatest common factor of 3489 and 52819971.
3489
What is the highest common divisor of 11164570 and 16?
2
Calculate the highest common divisor of 771 and 28811499.
771
Calculate the highest common factor of 10682944 and 355.
71
Calculate the highest common divisor of 9009518 and 88134.
794
Calculate the highest common divisor of 137782248 and 1914.
174
Calculate the greatest common factor of 102085 and 247265.
85
Calculate the highest common factor of 270 and 115188930.
90
Calculate the highest common divisor of 9215 and 145920.
95
What is the highest common factor of 7688 and 128712?
248
Calculate the greatest common divisor of 434 and 362267178.
434
Calculate the greatest common divisor of 2595 and 38311023.
519
Calculate the greatest common divisor of 42069992 and 976.
488
Calculate the highest common divisor of 1482608 and 44384.
304
What is the highest common factor of 291924 and 1409164?
3604
What is the highest common factor of 72926090 and 1360?
170
Calculate the highest common divisor of 524071275 and 2015.
2015
Calculate the highest common factor of 5928 and 35787024.
312
What is the greatest common factor of 5129 and 511957?
23
What is the highest common divisor of 1320128 and 104?
8
What is the greatest common divisor of 305344 and 19136?
832
Calculate the highest common divisor of 731774 and 8752478.
5762
What is the highest common factor of 100992 and 5082?
6
What is the greatest common factor of 564 and 742317060?
564
Calculate the greatest common factor of 441 and 3891335.
49
What is the greatest common divisor of 180 and 568180?
20
What is the greatest common divisor of 176 and 16132208?
16
What is the greatest common factor of 29592 and 150345444?
1644
Calculate the greatest common factor of 2443581 and 97902.
1323
What is the highest common factor of 10630 and 78848?
2
Calculate the highest common factor of 39092480 and 1792.
1792
Calculate the highest common divisor of 222 and 344951.
37
What is the highest common factor of 3641 and 46899721?
3641
What is the greatest common divisor of 6407948 and 62?
62
What is the greatest common divisor of 530 and 33458105?
265
What is the greatest common divisor of 9477262 and 34?
34
Calculate the highest common factor of 10274 and 737.
11
Calculate the greatest common divisor of 122377515 and 15.
15
Calculate the greatest common factor of 8 and 524988176.
8
Calculate the greatest common factor of 124124 and 13972.
28
Calculate the greatest common factor of 469 and 49762642.
67
What is the highest common factor of 326 and 21250636?
326
What is the highest common factor of 1196 and 4380506?
26
Calculate the highest common factor of 96652536 and 192.
24
Calculate the highest common divisor of 40 and 50241344.
8
Calculate the greatest common factor of 802494970 and 922.
922
What is the greatest common factor of 441 and 755307?
63
Calculate the greatest common factor of 5918692 and 156.
52
Calculate the greatest common divisor of 151470 and 43571.
187
What is the highest common divisor of 894753 and 51057?
837
Calculate the highest common divisor of 736 and 4177145.
23
Calculate the highest common divisor of 32525 and 841747.
1301
Calculate the greatest common factor of 1028 and 166748.
4
Calculate the highest common divisor of 2912 and 1306032.
1456
What is the highest common divisor of 1008 and 9757648?
16
What is the greatest common factor of 11079 and 614555823?
3693
What is the highest common divisor of 792502 and 220384?
142
Calculate the highest common factor of 851120522 and 7736.
1934
Calculate the highest common divisor of 7365070 and 2820.
10
Calculate the highest common factor of 1393249585 and 4030.
2015
What is the greatest common factor of 656 and 10635088?
16
Calculate the highest common divisor of 4651334 and 14272.
446
Calculate the greatest common divisor of 2436684 and 5316.
12
Calculate the highest common divisor of 7387937 and 706.
353
Calculate the greatest common divisor of 268 and 209540356.
268
What is the greatest common factor of 860 and 811300?
20
Calculate the highest common divisor of 338568 and 1668.
12
Calculate the greatest common factor of 6904 and 4793102.
1726
What is the greatest common factor of 6 and 11433102?
6
Calculate the greatest common factor of 163366762 and 78.
26
What is the greatest common divisor of 118274584 and 32?
8
Calculate the highest common factor of 11324 and 273437797.
2831
What is the highest common factor of 1449 and 47183787?
1449
Calculate the greatest common divisor of 949677 and 1311.
57
Calculate the highest common divisor of 2402 and 27601382.
2402
What is the greatest common divisor of 16194514 and 14?
14
What is the highest common factor of 10420 and 1618226?
1042
What is the highest common divisor of 808 and 51236492?
404
Calculate the greatest common factor of 2376748 and 1208856.
836
What is the highest common factor of 752 and 45797176?
376
Calculate the highest common divisor of 12199205 and 97.
97
What is the highest common factor of 452 and 125944715?
113
Calculate the highest common factor of 871102 and 6233.
23
What is the greatest common divisor of 96781148 and 1454?
1454
What is the greatest common factor of 163330236 and 5242?
5242
What is the greatest common divisor of 167357 and 7736533?
1657
Calculate the greatest common divisor of 46870828 and 5844.
1948
What is the highest common factor of 362 and 18232492?
362
Calculate the greatest common divisor of 56 and 465940496.
56
What is the highest common divisor of 1232 and 372666?
14
Calculate the highest common divisor of 570531509 and 29308.
7327
What is the greatest common divisor of 2772 and 435046689?
693
Calculate the greatest common divisor of 5809 and 64121.
37
What is the greatest common divisor of 1977855 and 3905?
55
Calculate the highest common divisor of 100541910 and 420.
210
Calculate the highest common factor of 2531272 and 22232.
3176
What is the greatest common factor of 53720 and 460258?
34
What is the greatest common divisor of 4695852 and 924?
84
Calculate the greatest common factor of 14760521 and 74.
37
What is the highest common divisor of 960180219 and 1121?
1121
Calculate the highest common divisor of 4275 and 208107.
171
Calculate the greatest common divisor of 2487 and 176386330.
829
What is the greatest common factor of 361874 and 3045491?
1691
Calculate the highest common factor of 740 and 1694340.
20
What is the highest common divisor of 821 and 35162609?
821
What is the greatest common factor of 3016 and 490593?
29
Calculate the greatest common factor of 3220 and 3359461420.
3220
What is the greatest common divisor of 790 and 465670?
10
Calculate the highest common factor of 5449664 and 12.
4
What is the greatest common factor of 4116 and 11885636?
1372
What is the greatest common factor of 253 and 31153247?
23
Calculate the greatest common divisor of 4383840 and 208.
16
What is the greatest common divisor of 131836 and 45908?
92
What is the highest common divisor of 13379922 and 156969?
963
Calculate the highest common factor of 1161520 and 14320.
80
Calculate the highest common factor of 84433314 and 42.
42
What is the greatest common divisor of 2448 and 1312791?
51
Calculate the highest common factor of 1914 and 363804507.
957
What is the highest common factor of 3758110 and 290?
290
What is the greatest common divisor of 73629257 and 1586?
793
What is the greatest common divisor of 51352 and 45224606?
1834
Calculate the greatest common divisor of 26628 and 33.
3
What is the greatest common divisor of 390 and 4782090?
30
What is the greatest common factor of 1070 and 2098912?
214
Calculate the greatest common factor of 1600 and 1605980.
20
What is the greatest common divisor of 18830 and 4570310?
2690
Calculate the greatest common 